{"id":9,"date":"2018-07-16T09:38:43","date_gmt":"2018-07-16T07:38:43","guid":{"rendered":"http:\/\/zs-musk.cz\/musk4\/?page_id=9"},"modified":"2026-01-11T09:47:45","modified_gmt":"2026-01-11T08:47:45","slug":"uvod","status":"publish","type":"page","link":"https:\/\/zs-musk.cz\/musk4\/","title":{"rendered":"\u00davod"},"content":{"rendered":"\n<p>Na\u0161e organizace vznikla v prostor\u00e1ch nov\u011b postaven\u00e9ho domu v Lou\u0148ovic\u00edch. Chceme vytvo\u0159it kvalitn\u00ed, finan\u010dn\u011b dostupnou<br>a odborn\u011b vedenou d\u011btskou skupinou, kde budou Va\u0161e d\u011bti&nbsp;spokojen\u00e9 a jejich pobyt u n\u00e1s bude pro n\u011b z\u00e1bavou i p\u0159\u00ednosem,<br>s c\u00edlem harmonicky rozv\u00edjet jejich osobnosti.&nbsp;Pil\u00ed\u0159e spolupr\u00e1ce s rodi\u010di zakl\u00e1d\u00e1me na vz\u00e1jemn\u00e9 d\u016fv\u011b\u0159e a otev\u0159enosti.<\/p>\n\n\n\n<p>NA\u0160E MOTO:\u201e\u2026\u2026\u2026.ka\u017ed\u00e9 d\u00edt\u011b p\u0159ich\u00e1z\u00ed na sv\u011bt jako bezelstn\u00fd a snadno zraniteln\u00fd tvor, p\u0159ich\u00e1z\u00ed zv\u011bdav\u00e9, v\u0161ete\u010dn\u00e9 a pln\u00e9 nad\u011bje. Ud\u011blejme v\u0161ichni v\u0161echno pro to, aby \u017eivot ka\u017ed\u00e9ho d\u00edt\u011bte na\u0161\u00ed planety byl napln\u011bn jen radost\u00ed a pohodou.&nbsp;M\u00e1 na to sv\u00e9 pr\u00e1vo.\u201c<\/p>\n\n\n\n<p><strong>Z Charty pr\u00e1v d\u00edt\u011bte<br><\/strong>Z\u00e1m\u011brem p\u0159ed\u0161koln\u00edho vzd\u011bl\u00e1v\u00e1n\u00ed je rozvoj osobnosti d\u00edt\u011bte po str\u00e1nce fyzick\u00e9, psychick\u00e9, soci\u00e1ln\u00ed a rozvoj jeho vzd\u011bl\u00e1vac\u00edho potenci\u00e1lu,&nbsp;citov\u00fdm postojem v\u016f\u010di ostatn\u00edm lidem, sv\u011btu kolem n\u00e1s, \u010dlov\u011bku a jeho pr\u00e1ci, rodin\u011b, p\u0159\u00edrod\u011b, vlastn\u00edmu zdrav\u00ed, historii a tradic\u00edm. Rozv\u00edj\u00edme a podporujeme samostatnost d\u00edt\u011bte, zdrav\u00e9 sebev\u011bdom\u00ed, vztah a odpov\u011bdnost k sob\u011b sam\u00e9mu a k druh\u00fdm, zdrav\u00fd \u017eivotn\u00ed styl. Komunikativn\u00ed dovednosti prohlubujeme&nbsp;vyu\u017eit\u00edm kognitivn\u00edho procesu u d\u011bt\u00ed.<\/p>\n\n\n\n<p><strong>Zp\u016fsob a sm\u011br na\u0161eho pedagogick\u00e9ho p\u016fsoben\u00ed:<\/strong><\/p>\n\n\n\n<ul class=\"wp-block-list\"><li><strong>vytvo\u0159it p\u0159\u00edjemn\u00e9 a l\u00e1skypln\u00e9 adapta\u010dn\u00ed prost\u0159ed\u00ed d\u011btsk\u00e9 skupiny<\/strong><\/li><li><strong>volnou hrou podn\u011bcovat z\u00e1jem d\u011bt\u00ed o pozn\u00e1v\u00e1n\u00ed sv\u011bta<\/strong><\/li><li><strong>ke ka\u017ed\u00e9mu d\u00edt\u011bti si vytv\u00e1\u0159\u00edme individu\u00e1ln\u00ed vztah<\/strong><\/li><li><strong>sna\u017e\u00edme se pe\u010dovat a upev\u0148ovat vztahy mezi pe\u010duj\u00edc\u00edmi osobami&nbsp;a rodi\u010di<\/strong><\/li><li><strong>usilujeme o p\u0159\u00edtomnost kvalitn\u00edch a spr\u00e1vn\u00fdch vzor\u016f k n\u00e1podob\u011b<\/strong><\/li><li><strong>vhodn\u00fdm a podn\u011btn\u00fdm prost\u0159ed\u00edm prohlubujeme enviroment\u00e1ln\u00ed c\u00edt\u011bn\u00ed d\u011bt\u00ed<\/strong><\/li><li><strong>d\u016fle\u017eitost rytmu a \u0159\u00e1du ve smyslu orientace, pro\u017e\u00edv\u00e1n\u00ed a pochopen\u00ed souvislost\u00ed jev\u016f<\/strong><\/li><\/ul>\n","protected":false},"excerpt":{"rendered":"<p>Na\u0161e organizace vznikla v prostor\u00e1ch nov\u011b postaven\u00e9ho domu v Lou\u0148ovic\u00edch. Chceme vytvo\u0159it kvalitn\u00ed, finan\u010dn\u011b dostupnoua odborn\u011b vedenou d\u011btskou skupinou, kde budou Va\u0161e d\u011bti&nbsp;spokojen\u00e9 a jejich pobyt u n\u00e1s bude pro n\u011b z\u00e1bavou i p\u0159\u00ednosem,s c\u00edlem harmonicky rozv\u00edjet jejich osobnosti.&nbsp;Pil\u00ed\u0159e spolupr\u00e1ce s rodi\u010di zakl\u00e1d\u00e1me na vz\u00e1jemn\u00e9 d\u016fv\u011b\u0159e a otev\u0159enosti. NA\u0160E MOTO:\u201e\u2026\u2026\u2026.ka\u017ed\u00e9 d\u00edt\u011b p\u0159ich\u00e1z\u00ed na sv\u011bt jako [&hellip;]<\/p>\n","protected":false},"author":1,"featured_media":0,"parent":0,"menu_order":0,"comment_status":"closed","ping_status":"closed","template":"titulni_stranka.php","meta":{"footnotes":""},"class_list":["post-9","page","type-page","status-publish","hentry"],"_links":{"self":[{"href":"https:\/\/zs-musk.cz\/musk4\/wp-json\/wp\/v2\/pages\/9","targetHints":{"allow":["GET"]}}],"collection":[{"href":"https:\/\/zs-musk.cz\/musk4\/wp-json\/wp\/v2\/pages"}],"about":[{"href":"https:\/\/zs-musk.cz\/musk4\/wp-json\/wp\/v2\/types\/page"}],"author":[{"embeddable":true,"href":"https:\/\/zs-musk.cz\/musk4\/wp-json\/wp\/v2\/users\/1"}],"replies":[{"embeddable":true,"href":"https:\/\/zs-musk.cz\/musk4\/wp-json\/wp\/v2\/comments?post=9"}],"version-history":[{"count":34,"href":"https:\/\/zs-musk.cz\/musk4\/wp-json\/wp\/v2\/pages\/9\/revisions"}],"predecessor-version":[{"id":1320,"href":"https:\/\/zs-musk.cz\/musk4\/wp-json\/wp\/v2\/pages\/9\/revisions\/1320"}],"wp:attachment":[{"href":"https:\/\/zs-musk.cz\/musk4\/wp-json\/wp\/v2\/media?parent=9"}],"curies":[{"name":"wp","href":"https:\/\/api.w.org\/{rel}","templated":true}]}}