{"id":5,"date":"2018-07-16T09:37:28","date_gmt":"2018-07-16T07:37:28","guid":{"rendered":"http:\/\/zs-musk.cz\/musk4\/?page_id=5"},"modified":"2018-10-26T08:26:55","modified_gmt":"2018-10-26T06:26:55","slug":"informace","status":"publish","type":"page","link":"https:\/\/zs-musk.cz\/musk4\/informace\/","title":{"rendered":"Informace"},"content":{"rendered":"<p><strong><span style=\"color: #ff6600;\">Zapojen\u00ed v projektech:<\/span><\/strong><\/p>\n<p>&#8211; Recyklohran\u00ed<br \/>\n&#8211; Medv\u00eddkova nemocnice<br \/>\n&#8211; Nechci kazy<br \/>\n&#8211; Barevn\u00e9 dny<br \/>\n&#8211; Cel\u00e9 \u010cesko \u010dte d\u011btem<br \/>\n&#8211; Mrkvi\u010dka<br \/>\n&#8211; Eko\u0161kola<\/p>\n<p><strong>Spolupr\u00e1ce s fondem Sidus.<\/strong><\/p>\n<p><strong><span style=\"color: #ff6600;\">B\u011bhem \u0161koln\u00edho roku jsou pro d\u011bti p\u0159ipravov\u00e1ny kulturn\u00ed akce.<\/span><\/strong><\/p>\n<ul>\n<li>Zamyk\u00e1n\u00ed a odemyk\u00e1n\u00ed zahrady.<\/li>\n<li>Nad\u00edlka Mikul\u00e1\u0161e a v\u00e1no\u010dn\u00ed posezen\u00ed.<\/li>\n<li>Pr\u016fvod t\u0159\u00edkr\u00e1lov\u00fd.<\/li>\n<li>Velikono\u010dn\u00ed d\u00edlna d\u011bt\u00ed.<\/li>\n<li>Oslavujeme Den d\u011bt\u00ed.<\/li>\n<li>Cvi\u010d\u00edme na overballech.<\/li>\n<li>Psychologick\u00e9 vy\u0161et\u0159en\u00ed v\u011bkov\u00e9 zralosti b\u011bhem \u0161koln\u00edho roku.<\/li>\n<li>Nab\u00edz\u00edme z\u00e1jmov\u00e9 krou\u017eky bezplatn\u00e9 i placen\u00e9.<\/li>\n<li>Po\u0159\u00e1d\u00e1me v\u00fdlety.<\/li>\n<li>Na konci roku se slavnostn\u011b lou\u010d\u00edme se \u0161kol\u00e1ky.<\/li>\n<li>Dny narozenin a sv\u00e1tk\u016f na\u0161ich d\u011bt\u00ed jsou prov\u00e1zeny oslavou ve \u0161kolce.<\/li>\n<li>Divadla, hasi\u010di, policie, zdravotn\u00edci a dal\u0161\u00ed n\u00e1v\u0161t\u011bvy, kter\u00e9 za n\u00e1mi jezd\u00ed do \u0161kolky.<\/li>\n<\/ul>\n<p><strong><span style=\"color: #ff6600;\">\u010casov\u00fd rozvrh dne<\/span><\/strong><\/p>\n<p>Re\u017eim dne je voln\u00fd, vych\u00e1z\u00ed z pot\u0159eb d\u00edt\u011bte. Dodr\u017eujeme z\u00e1sady du\u0161evn\u00ed hygieny, biorytmy, posuzujeme re\u017eim dne jako v\u00fdchovn\u00fd prost\u0159edek.<\/p>\n<ul>\n<li>07:00 \u2013 08.30hod: p\u0159\u00edchod d\u011bt\u00ed \u2013 voln\u00e9 hry, individu\u00e1ln\u00ed pr\u00e1ce s d\u011btmi, skupinov\u00e1 pr\u00e1ce<\/li>\n<li>08:30 \u2013 09.05 hod: rann\u00ed cvi\u010den\u00ed, hygiena, p\u0159esn\u00edd\u00e1vka<\/li>\n<li>09:05 \u2013 09.35 hod: p\u0159\u00edm\u00e1 pr\u00e1ce s d\u011btmi, \u0159\u00edzen\u00e1 \u010dinnost (estetick\u00e9 \u010dinnosti \u2013 hudebn\u00ed, v\u00fdtvarn\u00e9, pracovn\u00ed, liter\u00e1rn\u00ed, pozn\u00e1vac\u00ed v\u00fdchova)<\/li>\n<li>09:35 \u2013 11.35 hod: pobyt venku<\/li>\n<li>11:35 \u2013 12.30 hod: hygiena, ob\u011bd, zubn\u00ed hygiena<\/li>\n<li>12:30 \u2013 12.45 hod: \u0159\u00edzen\u00e1 \u010dinnost p\u0159ed odpo\u010dinkem<\/li>\n<li>12:45 \u2013 14.30 hod: p\u0159\u00edprava na odpo\u010dinek, odpo\u010d\u00edv\u00e1me<\/li>\n<li>14:30 \u2013 17.00hod: sva\u010dinka, z\u00e1jmov\u00e9 \u010dinnosti \u2013 individu\u00e1ln\u00ed pr\u00e1ce s d\u011btmi, za p\u0159\u00edzniv\u00e9ho po\u010das\u00ed pobyt venku<\/li>\n<\/ul>\n<p><strong><span style=\"color: #ff6600;\">Co d\u00edt\u011b pot\u0159ebuje p\u0159i vstupu do M\u0160:<\/span><\/strong><\/p>\n<p>Ofocenou karti\u010dku zdravotn\u00ed poji\u0161\u0165ovny. L\u00e1tkov\u00fd pytel na ram\u00ednku obsahuj\u00edc\u00ed n\u00e1hradn\u00ed oble\u010den\u00ed: spodn\u00ed pr\u00e1dlo, tri\u010dko, tepl\u00e1ky, pono\u017eky, pun\u010doch\u00e1\u010de.<\/p>\n<p>Do t\u0159\u00eddy: P\u0159ez\u016fvky s pevnou patou (ne pantofle), tepl\u00e1ky, leginy, hrac\u00ed kalhoty, tri\u010dko (je lep\u0161\u00ed ne\u017e ko\u0161ile na knofl\u00edky), v zim\u011b posta\u010d\u00ed pun\u010doch\u00e1\u010de \u2013 snadn\u011bj\u0161\u00ed obl\u00e9k\u00e1n\u00ed na vych\u00e1zku. Ru\u010dn\u00edk, kart\u00e1\u010dek na zuby, kel\u00edmek.<\/p>\n<p>Na pobyt venku: PROS\u00cdME V\u00c1S, P\u0158IZP\u016eSOBTE OBLE\u010cEN\u00cd POBYTU NA ZAHRAD\u011a. Star\u0161\u00ed oble\u010den\u00ed, tepl\u00e1kov\u00e1 souprava, z hygienick\u00fdch d\u016fvod\u016f nem\u016f\u017ee d\u00edt\u011b pou\u017e\u00edt stejn\u00e9 oble\u010den\u00ed do t\u0159\u00eddy, vybavte Va\u0161eho potomka kapesn\u00edkem, kter\u00fd mu vlo\u017e\u00edte do kapsy, l\u00e9pe pap\u00edrov\u00e1 forma.<\/p>\n<p>Na odpo\u010dinek: Py\u017eamko nebo no\u010dn\u00ed ko\u0161ile s na\u0161it\u00fdm poutkem opat\u0159en\u00fdm tak\u00e9 p\u0159\u00edjmen\u00edm.<\/p>\n<p>Platby \u0161koln\u00e9ho a z\u00e1lohy na stravn\u00e9 pouze bezhotovostn\u00edm p\u0159evodem na \u00fa\u010det \u0161koly. Splatnost \u0161koln\u00e9ho a z\u00e1lohy stravn\u00e9ho do 15. pracovn\u00edho dne p\u0159edch\u00e1zej\u00edc\u00edho m\u011bs\u00edce p\u0159ed m\u011bs\u00edcem doch\u00e1zky.<br \/>\n\u010c. bankovn\u00edho \u00fa\u010dtu pro bezhotovostn\u00ed platby: 222877553\/0600.<\/p>\n<p><strong><span style=\"color: #ff6600;\">Nadstandartn\u00ed aktivity:<\/span><br \/>\n<\/strong><\/p>\n<p>&#8211; angli\u010dtina pro nejmen\u0161\u00ed<br \/>\n&#8211; tane\u010dn\u00ed hry<br \/>\n&#8211; hry s pad\u00e1kem<br \/>\n&#8211; cvi\u010den\u00ed na overballech<br \/>\n&#8211; d\u011btsk\u00e1 joga<\/p>\n<p>&nbsp;<\/p>\n<p>&nbsp;<\/p>\n","protected":false},"excerpt":{"rendered":"<p>Zapojen\u00ed v projektech: &#8211; Recyklohran\u00ed &#8211; Medv\u00eddkova nemocnice &#8211; Nechci kazy &#8211; Barevn\u00e9 dny &#8211; Cel\u00e9 \u010cesko \u010dte d\u011btem &#8211; Mrkvi\u010dka &#8211; Eko\u0161kola Spolupr\u00e1ce s fondem Sidus. B\u011bhem \u0161koln\u00edho roku jsou pro d\u011bti p\u0159ipravov\u00e1ny kulturn\u00ed akce. Zamyk\u00e1n\u00ed a odemyk\u00e1n\u00ed zahrady. Nad\u00edlka Mikul\u00e1\u0161e a v\u00e1no\u010dn\u00ed posezen\u00ed. Pr\u016fvod t\u0159\u00edkr\u00e1lov\u00fd. Velikono\u010dn\u00ed d\u00edlna d\u011bt\u00ed. Oslavujeme Den d\u011bt\u00ed. Cvi\u010d\u00edme na [&hellip;]<\/p>\n","protected":false},"author":1,"featured_media":0,"parent":0,"menu_order":0,"comment_status":"closed","ping_status":"closed","template":"","meta":{"footnotes":""},"class_list":["post-5","page","type-page","status-publish","hentry"],"_links":{"self":[{"href":"https:\/\/zs-musk.cz\/musk4\/wp-json\/wp\/v2\/pages\/5","targetHints":{"allow":["GET"]}}],"collection":[{"href":"https:\/\/zs-musk.cz\/musk4\/wp-json\/wp\/v2\/pages"}],"about":[{"href":"https:\/\/zs-musk.cz\/musk4\/wp-json\/wp\/v2\/types\/page"}],"author":[{"embeddable":true,"href":"https:\/\/zs-musk.cz\/musk4\/wp-json\/wp\/v2\/users\/1"}],"replies":[{"embeddable":true,"href":"https:\/\/zs-musk.cz\/musk4\/wp-json\/wp\/v2\/comments?post=5"}],"version-history":[{"count":2,"href":"https:\/\/zs-musk.cz\/musk4\/wp-json\/wp\/v2\/pages\/5\/revisions"}],"predecessor-version":[{"id":228,"href":"https:\/\/zs-musk.cz\/musk4\/wp-json\/wp\/v2\/pages\/5\/revisions\/228"}],"wp:attachment":[{"href":"https:\/\/zs-musk.cz\/musk4\/wp-json\/wp\/v2\/media?parent=5"}],"curies":[{"name":"wp","href":"https:\/\/api.w.org\/{rel}","templated":true}]}}