{"id":21,"date":"2018-07-18T10:29:37","date_gmt":"2018-07-18T08:29:37","guid":{"rendered":"http:\/\/zs-musk.cz\/musk1\/?page_id=21"},"modified":"2025-09-07T15:12:15","modified_gmt":"2025-09-07T13:12:15","slug":"cenik","status":"publish","type":"page","link":"https:\/\/zs-musk.cz\/musk1\/cenik\/","title":{"rendered":"Cen\u00edk"},"content":{"rendered":"<p>&#8211; Dotovan\u00e9 \u0161koln\u00e9 a stravn\u00e9 je poskytnuto pouze za spln\u011bn\u00fdch podm\u00ednek MPSV, podm\u00ednky naleznete v provozn\u00edch \u0159\u00e1dech, viz.\u00a0<span style=\"color: #ffffff;\"><strong><a style=\"color: #ffffff;\" href=\"https:\/\/zs-musk.cz\/musk1\/wp-content\/uploads\/sites\/8\/2025\/09\/Provozni-rad-MUSK-I-2025-2026-MPSV.doc\">Provozn\u00ed-\u0159\u00e1d-MUSK-I-2025-2026 MPSV<\/a><\/strong><\/span><\/p>\n\n\n<p><\/p>\n","protected":false},"excerpt":{"rendered":"<p>&#8211; Dotovan\u00e9 \u0161koln\u00e9 a stravn\u00e9 je poskytnuto pouze za spln\u011bn\u00fdch podm\u00ednek MPSV, podm\u00ednky naleznete v provozn\u00edch \u0159\u00e1dech, viz.\u00a0Provozn\u00ed-\u0159\u00e1d-MUSK-I-2025-2026 MPSV<\/p>\n","protected":false},"author":1,"featured_media":0,"parent":0,"menu_order":7,"comment_status":"closed","ping_status":"closed","template":"","meta":{"footnotes":""},"class_list":["post-21","page","type-page","status-publish","hentry"],"_links":{"self":[{"href":"https:\/\/zs-musk.cz\/musk1\/wp-json\/wp\/v2\/pages\/21","targetHints":{"allow":["GET"]}}],"collection":[{"href":"https:\/\/zs-musk.cz\/musk1\/wp-json\/wp\/v2\/pages"}],"about":[{"href":"https:\/\/zs-musk.cz\/musk1\/wp-json\/wp\/v2\/types\/page"}],"author":[{"embeddable":true,"href":"https:\/\/zs-musk.cz\/musk1\/wp-json\/wp\/v2\/users\/1"}],"replies":[{"embeddable":true,"href":"https:\/\/zs-musk.cz\/musk1\/wp-json\/wp\/v2\/comments?post=21"}],"version-history":[{"count":24,"href":"https:\/\/zs-musk.cz\/musk1\/wp-json\/wp\/v2\/pages\/21\/revisions"}],"predecessor-version":[{"id":1230,"href":"https:\/\/zs-musk.cz\/musk1\/wp-json\/wp\/v2\/pages\/21\/revisions\/1230"}],"wp:attachment":[{"href":"https:\/\/zs-musk.cz\/musk1\/wp-json\/wp\/v2\/media?parent=21"}],"curies":[{"name":"wp","href":"https:\/\/api.w.org\/{rel}","templated":true}]}}